digit of x?
9
Let b(t) = -93*t**3 + 7*t**2 + 35*t - 9. What is the thousands digit of b(-4)?
5
Let j = 64 - 65. Let b(k) = -3*k**3 + k**2 + k. Let r be b(j). Suppose -p - p + 8 = 0, -524 = -4*v + r*p. What is the hundreds digit of v?
1
Suppose -3765 = 5*q - 10*q - 4*u, 2*u + 767 = q. Let t = 422 + q. What is the thousands digit of t?
1
Let r(z) = 61915*z**2 + 24*z - 1. What is the hundreds digit of r(1)?
9
Suppose 153*l - 170*l + 124049 = 0. What is the hundreds digit of l?
2
Let t(y) = y**2 - 6*y - 14. Let p be t(9). Suppose -4*g + 18 = 2*m, 5*g + 5*m + p - 48 = 0. Suppose 0 = -g*l + 3*l - 128. What is the hundreds digit of l?
1
Let g = 54 - 54. What is the tens digit of (-6)/(-10) + g + (-8484)/(-60)?
4
Let x be (-1)/(-4) - 1/4. Let y be 8 - 116/((-10)/(-5)). What is the tens digit of (3 + -4)*(x + y)?
5
Suppose -6*b - 2*o + 19250 = -88236, -5*b - 4*o = -89560. What is the units digit of b?
6
What is the tens digit of 1*5 + (-587706)/(-26) + 136/(-1768)?
0
Suppose 79*u + 7835 = 80*u - 3*p, 2*u + 2*p = 15702. What is the hundreds digit of u?
8
Let b = -187 + 307. What is the units digit of -3 + 7 - -2*b?
4
Let o(m) = m**2 - 29*m - 10. Let g be o(23). Let w = 428 - g. What is the tens digit of w?
7
Suppose 8609 = -5*u - 4*a, 0 = -3*u - 2*a - 0*a - 5165. Let o = -602 - u. What is the tens digit of o?
1
Suppose -g = -3 + 21. Let w(h) = -60*h + 31*h - 2*h**2 + h**2 + 26 - 1. What is the units digit of w(g)?
3
Let t(a) be the second derivative of 0 + 2/3*a**4 + 35*a - 1/6*a**3 + 4*a**2. What is the units digit of t(-3)?
3
Let m(j) = -j**2 + 8*j - 15. Let t be m(6). Let k(h) = 4*h**3 + h**2 - 2*h - 5. Let n be k(t). Let d = -82 - n. What is the units digit of d?
6
What is the hundreds digit of (2496/(-130))/((-2)/550)?
2
Let w(q) = q - 1. Suppose 0 = 6*v - 6 - 18. Let n be w(v). Suppose -5*i + 178 = -7*g + 3*g, 3*i = n*g + 108. What is the units digit of i?
4
Let z(v) = 22*v**2. Let n be z(-1). Let j be 16/5*55/n. What is the units digit of (-12)/(-3)*(-7 + j)?
4
Suppose 0 = -29*p + 48*p. Suppose -2*n + 4*z - 6 = -26, 25 = 4*n - 3*z. Suppose -n*l + 5*i + 412 = p, -3*i = -l + 67 + 43. What is the units digit of l?
8
Let f(b) = b**2 + 2*b + 30. Let z be f(0). Suppose 3*v - 528 = z. Suppose -4*d + 2*q = -342, d + 2*q - v = -d. What is the tens digit of d?
8
Let u = 33 - 5. Suppose -27263 = -u*g + 1017. What is the thousands digit of g?
1
Suppose 20807 = 2*n + 5*u, -14*n + 10*n + 3*u + 41575 = 0. Suppose -10*w - 1756 = -n. What is the tens digit of w?
6
Suppose 4*z - 42 = -5*y - 0, -4*y = 4*z - 32. Suppose -y*w + 14*w = 20. Suppose w*r + 5*u = 565, -3*r + 207 = 5*u - 134. What is the hundreds digit of r?
1
Let y be (-4 + 6 - 0) + 1. Let j be 540/15 - (y - -1). Let n = 87 - j. What is the units digit of n?
5
Let a = 79 - 74. Suppose 4*h + 255 = -h + a*b, -4*h - 4*b = 180. Let t = 210 - h. What is the units digit of t?
8
Suppose 118999 = 45*m - 41381. What is the units digit of m?
4
Let r(h) be the first derivative of -8*h**2 - 1/4*h**4 - 16*h + 4*h**3 + 18. What is the units digit of r(8)?
2
Let g = 18413 + -2296. What is the units digit of g?
7
Suppose 0 = 4*r - 2*x - 44062, -3*x - 55075 = 7*r - 12*r. What is the thousands digit of r?
1
Suppose c + 7*c + 168 = 0. Let b be (-79)/(-6) + c/126. What is the tens digit of (b/((-104)/64))/(1/(-34))?
7
Suppose -320 = 5*j - 3*k, 2*k + 0*k - 132 = 2*j. Let r = 186 - j. What is the tens digit of r?
4
Suppose 2*g + 58222 = 6*w, 5*w - 5*g = -4573 + 53098. What is the units digit of w?
3
Suppose -1852*o + 1828*o = -577848. What is the ten thousands digit of o?
2
Let b be 6/15 + (-8096)/(-10). Suppose 2*v = -5*p + 1996, -2*p + b = -13*v + 8*v. What is the tens digit of p?
0
Let a(h) = 3*h**3 + 3*h**2 + 4*h + 7. Let f(y) = 8*y**3 + 5*y**2 + 10*y + 16. Let r(g) = -7*a(g) + 3*f(g). Let c = 4 - 0. What is the hundreds digit of r(c)?
1
Let d(b) = 3*b + 18. Let n be d(-5). Suppose -4*z + 5 = -n. What is the units digit of ((z - -5) + 6)*(-2)/(-2)?
3
Let a(v) = v**2 - 15*v + 38. Let w be a(12). Suppose -76 = w*c + 2*c + 5*f, -5*c - f = 116. What is the hundreds digit of c/(-108) + 4712/18?
2
Let g = 212 - 204. Suppose 5*o + 282 = g*m - 4*m, -3*o - 278 = -4*m. What is the units digit of m?
8
Let h be (-1)/((15/6)/(-5)). Suppose -5*z + 6 = 4*b, 9*z - 4*z + h*b = -2. Let q(s) = -48*s - 5. What is the units digit of q(z)?
1
Let p = 4528 + 2381. Suppose -82*z - p = -89*z. What is the hundreds digit of z?
9
Suppose 2*o = -5*v - 10, 7*o - 4*o - 35 = 5*v. Suppose 0 = 4*a + o*a - 2286. Let u = a - 141. What is the hundreds digit of u?
1
Let f(b) = -b**2 - 19*b + 2. Let l be 4*(376/16 - (-3)/(-1)). Suppose z + 3 = 0, -4*y + 5 - l = 3*z. What is the units digit of f(y)?
6
Let o(f) = 14*f - 3. Let z be ((-72)/(-16) - 6)/((-6)/8). Let b be o(z). Let r = 49 - b. What is the tens digit of r?
2
Let r be ((-57)/(-12))/(1/8). Suppose -4*a - r = 3*w, -2*w + a - 7 = -0*w. Let n(s) = -s**3 - 4*s**2 + 2*s - 9. What is the units digit of n(w)?
1
Suppose -y + 0*y - 109738 = -5*k, 3*y = 2*k - 43903. What is the thousands digit of k?
1
Let i = 41 + -30. Let w(r) = 16 + 2*r + 3*r + r + i. What is the units digit of w(17)?
9
Let g(x) = -7122*x + 6443. What is the thousands digit of g(-10)?
7
Let j be (288/(4 + -12))/(6/(-32)). Let w = -41 + j. What is the hundreds digit of w?
1
Let y = 113 + -102. Suppose 2723 = y*g + 347. What is the tens digit of g?
1
Let g = 37 - 35. Suppose -28*t + 24*t - g*s + 3260 = 0, -t = -s - 812. What is the hundreds digit of t?
8
Suppose 20 = 5*o, -18*y = -21*y + o + 2084. Let f = -292 + y. What is the tens digit of f?
0
Let i = -2 + -1. Let g be (-24)/2*(-1 + (-2)/i). Suppose 5*f + g*j - 659 + 257 = 0, 0 = 3*f + 5*j - 249. What is the tens digit of f?
7
Let p(l) = 243*l - 1015. What is the hundreds digit of p(29)?
0
Suppose -4*r = 5*c - 69954, -3*c - 67*r + 41966 = -63*r. What is the units digit of c?
4
What is the thousands digit of -8 + ((-894080)/(-16))/8?
6
Let l(q) = 2590*q - 5644. What is the thousands digit of l(18)?
0
What is the ten thousands digit of (-90278 + -14)*(-3)/(-8)*(13 + -15)?
6
Suppose -253 = -4*n + 5*t, -2*n + 188 = 3*t + 67. Suppose 4*y - 572 = r - 5*r, 3*y - r - 409 = 0. Let c = y - n. What is the tens digit of c?
7
Let b be (3/2)/(11/(11368 + 6)). Suppose -3*h + b = 4*f, 4*f - 4*h - 1240 = 276. What is the hundreds digit of f?
3
Let l(c) = 402*c - 20. Let h be l(1). Let t = 221 + h. What is the units digit of t?
3
Suppose 17*l = 9*l + 8. What is the tens digit of (769 - (-14 - -12))/(l + 2)?
5
Let g(w) = -2*w + 54. Let h be g(12). Suppose 0*a = -10*a + h. Suppose -a*v + 275 = 5*q - 426, -3*v + q + 695 = 0. What is the tens digit of v?
3
Let x be 33/(-22) - (-18)/4. Suppose 4*t + w - 1423 = 0, -4*t + x*w + 39 = -1404. Suppose t = 8*h - 203. What is the tens digit of h?
7
Let m = -117 + 94. Let o = 197 + m. What is the tens digit of o?
7
Suppose 0 = 6*u + 933 + 699. Let t = u + 1033. What is the hundreds digit of t?
7
Let q(k) = 2*k**2 + 6*k + 5. Let t be q(-1). What is the tens digit of t - (2 + -3) - (-978)/2?
9
Let j be 369/(-27) - 0 - (-4)/(-3). Let p be 454/1*(-3)/(18/j). Suppose -2*k + p = 3*k. What is the hundreds digit of k?
2
Let f(j) = -79*j - 63. Let w(p) = 157*p + 125. Let n(a) = 13*f(a) + 6*w(a). What is the tens digit of n(-2)?
0
Suppose 10*s + 13*s + 17347 = 279639. What is the tens digit of s?
0
Let d(j) = -j**3 - 180*j**2 + 589*j + 614. What is the tens digit of d(-185)?
7
Suppose 0 = -2*i + 51*z - 48*z + 74823, -i - z = -37394. What is the ten thousands digit of i?
3
Suppose -297519 = -51*f + 365583. What is the ten thousands digit of f?
1
Let p(f) = f**3 - 9*f**2 + 6*f + 111. What is the tens digit of p(13)?
6
Let l = -66032 + 99113. What is the hundreds digit of l?
0
Suppose -5*w - 5 = -6*w. Let n = 361 - 204. Suppose 0 = -w*f - n + 602. What is the tens digit of f?
8
Let n = 2199 + 717. What is the thousands digit of n?
2
What is the units digit of 33105/9*(1 - (1 + 2 + -5))?
5
Let w(z) = 139*z**2 + 77*z + 533. What is the tens digit of w(-6)?
7
Let w(o) = 6*o**3 + 7*o**2 + 11*o - 39. Let z(h) = -h**3 - h**2 + h. Let d(q) = -w(q) - 5*z(q). What is the units digit of d(-10)?
9
Let q = 12915 - 8729. What is the tens digit of q?
8
Let r(t) be the first derivative of 191/2*t**2